9)*(7 + -10). Let k(f) = 2*f. Determine k(j).
-8
Let b be (16*-1)/(4 + -3). Let c = b - -20. Suppose -6 = j - 0*j - 2*m, 3*m = c*j + 24. Let h(r) = r**3 + 7*r**2 + 3*r - 5. Determine h(j).
13
Let k(j) be the third derivative of -j**5/60 - j**4/24 + 23*j**2. Calculate k(0).
0
Suppose -s + 5*c = 21, -3*s + 3*c - 7*c = 25. Let m(u) = 2*u + 12. Give m(s).
-10
Let w(i) = -2*i - 3*i - 6*i + 3*i. Calculate w(-1).
8
Let l be 6/(0 - -2) - 2. Suppose -l = 2*r - 11. Let c(d) = 2*d**3 + d**2 - 16*d - 1. Let a(h) = -h**3 + 8*h. Let k(g) = 9*a(g) + 4*c(g). Give k(r).
11
Let v(h) = 9*h**2 - 1 - 4*h**2 - 4*h**2. Let l(r) = 5*r**2 - 5. Let x(q) = -2*l(q) + 9*v(q). Give x(-2).
-3
Let t(l) be the second derivative of -l**8/6720 - l**7/504 - l**6/360 - l**5/120 - 29*l**4/12 - 21*l. Let y(b) be the third derivative of t(b). Calculate y(-4).
-9
Suppose -2*i = -5*v + 23, -5*i + 5*v = 81 - 16. Let x be (3/(-2))/((-7)/i). Let a(q) = q**3 + 4*q**2 + 3*q + 1. Give a(x).
1
Let n(s) = -s - 6. Let b(l) = -l**2 + 16*l + 29. Let m be b(18). What is n(m)?
1
Let a(v) = 3*v**2 + 7*v + 1. Let b(z) = z**2 + z. Let d = 36 + -37. Let c(r) = d*a(r) + 6*b(r). Suppose 0 = 4*x - 9 + 1. Calculate c(x).
9
Let j(h) be the first derivative of -1/2*h**2 - 30 + 5*h. Determine j(5).
0
Suppose 8*y = 17*y. Let t(j) be the second derivative of 0*j**2 - 1/6*j**3 + 11*j + 0 + y*j**4 + 3/20*j**5. Give t(-1).
-2
Let w(z) be the third derivative of 0 - 1/24*z**4 + z**2 + 0*z + 2/3*z**3. Let d(l) = 3*l**2 + 75*l + 3. Let y be d(-25). Determine w(y).
1
Let m(z) = 2*z**2 + 9*z - 5. Suppose -3*r + 0*k = 3*k + 36, -4*r - 18 = -2*k. Give m(r).
30
Suppose 0 = -4*u - 225 + 293. Let v(z) = z**3 - 18*z**2 + 16*z + 13. Give v(u).
-4
Suppose 30 = 36*y - 39*y. Let d(s) = -2*s - 25. What is d(y)?
-5
Let b(d) = -2*d**3 + d**2 - 4. Let c(m) = 3*m**3 - 2*m**2 + 9. Let k(p) = 5*b(p) + 3*c(p). Give k(-3).
25
Let s(i) = -i - 6. Suppose -p + 7 = -t, 0 = t - 1. Suppose -5*w = 2*b - p, -2*b - 2*w + 3*w = 16. Determine s(b).
0
Let p(d) = d**2 - d - 1. Let l be (-6)/24 - (-117)/36. Give p(l).
5
Let o be 4/10 - 228/(-5). Suppose o = 2*m + 3*a, -2*m + 41 = -m - 3*a. Let i = m - 34. Let u(w) = w**3 + 4*w**2 - 5*w + 1. Calculate u(i).
1
Let k(t) = 21*t + 105. Let u be k(-5). Let a(y) = y + 8. Determine a(u).
8
Suppose k + 8 = 2*j - 0*j, -3*k - 22 = -5*j. Let b be ((-24)/(-2))/4 - 0. Let v(i) = -4*i**2 + 2*i**3 - 2*i - 3*i**b + i + 5 + 2*i. Determine v(k).
1
Let u(a) = 4*a**3 - 3*a - 16. Let m(g) = 3*g**3 - 2*g - 15. Let h(b) = -b**2 + 11*b - 20. Let s be h(9). Let n(t) = s*u(t) + 3*m(t). Calculate n(0).
-13
Let p(m) = -m**3 - 11*m**2 - m + 4. Let v be p(-11). Suppose -3 = -3*r + 5*a - v, -3*r - 4*a = -15. Let y(f) = 8*f**3 + f**2. Calculate y(r).
9
Let k = -197/2 + 99. Let c(g) be the first derivative of 6 - 1/4*g**4 + 4/3*g**3 + 3*g + k*g**2. Calculate c(4).
7
Let g be ((-2)/(-6))/(-1*4/60). Let m(k) be the first derivative of -k**3/3 - 2*k**2 + 7*k + 8. What is m(g)?
2
Let r(i) = -86*i - 1 + 159*i + 0 - 81*i. Give r(1).
-9
Let i(p) = p**2 + 8*p + 4. Let h = 5 + 4. Suppose 2*t = 10, h = 5*v - 3*v + t. Let n be 0 - (6 - (v - 1)). What is i(n)?
-11
Suppose 2*b = -5 - 1. Let y(j) be the third derivative of -j**5/60 - j**4/6 - 509*j**2. Determine y(b).
3
Let g(c) be the third derivative of -c**4/12 - 5*c**3/6 - 5*c**2. Let m(s) = 3*s + 9. Let n(w) = 7*g(w) + 4*m(w). Calculate n(1).
-1
Let d(j) = -5*j**3 - 5*j**2 - 7*j + 2. Let w(s) = 13*s**3 + 14*s**2 + 20*s - 6. Let r(b) = -8*d(b) - 3*w(b). Calculate r(3).
-1
Let n(f) = -f**3 - 18*f**2 + 17*f - 40. Let t be n(-19). Let v(b) = -7*b + 4. Let q(k) = 3*k - 2. Let c(m) = 5*q(m) + 2*v(m). Determine c(t).
-4
Suppose -12 = -15*v + 13*v. Suppose k = -2*o - 3*o - 37, -2*k + v = 0. Let d(m) = m**2 + 7*m - 11. Calculate d(o).
-3
Let s be (-48)/(-32) + ((-3)/2)/3. Suppose -f - s = 4. Let a(k) = k**2 + 4*k - 6. Calculate a(f).
-1
Let h(x) be the second derivative of -x**4/12 + 4*x**3/3 + 7*x**2/2 + 218*x. Give h(9).
-2
Let f(p) = p**2 + 42. Suppose 255 - 255 = -7*o. Give f(o).
42
Let m(y) = -2*y + 16. Let o be m(6). Suppose 3*x + 4 = 2*j + 4*x, -o*x + 4 = 4*j. Let s(q) = q**3 - 4*q**2 + 4*q - 2. Give s(j).
1
Let x = -92 + 89. Let j(r) = r - 2*r - 4*r - r**2 - 3 + 1. Calculate j(x).
4
Let l(d) = 8*d - 1. Let t(y) = -y + 3. Let k be t(-6). Let v = -7 + k. Suppose -3 = u - r, u - 1 = -v*u - 2*r. What is l(u)?
-9
Let k(h) be the first derivative of 2 - 1/3*h**3 + 0*h + 9/2*h**2 + 1/24*h**4. Let q(d) be the second derivative of k(d). What is q(5)?
3
Let b = 3337 - 3333. Let r(n) = 2*n - 4*n + n. Give r(b).
-4
Let i(k) = k + 4. Let v(m) = -15*m - 15. Let a(s) = 4*i(s) + v(s). Give a(2).
-21
Let f(k) = -k**3 - 6*k**2 - 2*k. Suppose t = -5*r + 33, 4*t + 8 = 5*r - 10. Suppose o = 3*o. Suppose o = a + r. Give f(a).
12
Suppose 5*m = -0*k - 3*k + 6, 3*m - 6 = -k. Suppose 21 = -2*t - 5*c, t = 2*c + 8 + 4. Let d(x) = 3*x**2 - 7*x**2 - 3 - 2*x + m*x**2 + 2*x**t. What is d(4)?
5
Let r(b) = -4*b + 4 - 4*b + 13*b - 5 - 3. Calculate r(5).
21
Let c(g) = 2*g - 3. Let h be c(9). Suppose -4*m = -8, 3*w - 3*m = -3 - h. Let n(v) = -2*v - 4. Determine n(w).
4
Suppose 2*i + 8 = -6*i. Let t = -4 - -9. Let u(o) = 6*o + 5. Let g(n) = 7*n + 4. Let b(r) = t*u(r) - 6*g(r). Determine b(i).
13
Let l(c) = -2*c + 21. Let r(s) = -10. Let a(q) = -l(q) - 2*r(q). Calculate a(-2).
-5
Let h = -68 + 71. Let x(q) be the second derivative of -q**3/6 - 2*q**2 + 3*q. Calculate x(h).
-7
Suppose 0*p + p = 5. Let i(u) = p*u - u**2 + 0 - 14 + 10. Calculate i(4).
0
Let v be 10*((-27)/(-6))/(-9). Let s(b) = -b**3 - b**2 + 2*b + 2. Let u be s(-2). Let a(p) = 2 - 4*p**2 - p - p**3 - 5 - p**u. Determine a(v).
2
Let s(b) = -2*b - 64*b**2 - b**3 + 63*b**2 - 67 + 68. Give s(-2).
9
Suppose 4*p = -6*y + 2*y + 24, -y = 3*p - 10. Let t be (y/(-4)*-1 - 1)/(-2). Let k(a) = a + 3. Calculate k(t).
3
Let i be 6/(-10) - ((-594)/(-10))/11. Let j(m) = -8*m**2 + 8*m + 2 + 12*m**2 - 3*m**2. Give j(i).
-10
Let b(q) be the third derivative of -q**5/60 - 7*q**4/12 + 2*q**2 + 2. What is b(-13)?
13
Suppose -27*z + 105 = -111. Let k(m) = -m**2 + 7*m + 9. What is k(z)?
1
Let f(t) be the third derivative of 16*t**2 + 1/6*t**3 + 0 - 1/60*t**5 - 1/8*t**4 + 0*t. Determine f(-4).
-3
Let y(z) be the first derivative of z**5/120 + z**4/3 - 4*z**3/3 + 23. Let h(b) be the third derivative of y(b). What is h(-5)?
3
Let o = 12 + -16. Let m(u) = 4*u**2 - 3*u - 7. Let a(w) = 3*w**2 - 2*w - 6. Suppose 2*h = 4*h - 6. Let c(d) = h*a(d) - 2*m(d). Determine c(o).
12
Let j(t) = 2*t - 4. Let d be j(2). Let o be (14/4)/((-3)/(-6)). Let k(w) = -6 - 3*w**2 + o*w**2 - 5*w**2 + w. Calculate k(d).
-6
Let c = 1 + 1. Suppose 2 + c = -2*v. Let y(f) be the third derivative of -f**5/20 - f**4/12 + f**3/3 - 767*f**2. Determine y(v).
-6
Let x(z) = 1849331*z + 14 - 1849326*z + 8. What is x(-5)?
-3
Let z = 16 + -5. Let o = 13 - z. Let j(s) = 7*s + 7. Let x(i) = 10*i + 10. Let h(a) = 7*j(a) - 5*x(a). Give h(o).
-3
Let n(z) = 3*z + 59. Let u be n(-18). Let r be (6/u)/(108/30 + -4). Let v(m) = -2*m**2 - 4*m + 1. What is v(r)?
-5
Let f(r) = -r + 3. Let t = -3 + 9. Let i = t + -4. Let w be (1/i)/((-2)/24). Calculate f(w).
9
Let d = -6 + 11. Let r(p) be the third derivative of -p**4/8 + 5*p**3/6 + 2*p**2 - 2. Calculate r(d).
-10
Let m(u) = u + 1. Let d(g) = g - 5. Suppose -4 = -2*n - 2*n. Let f(h) = n*d(h) + 3*m(h). Calculate f(-2).
-10
Let i(s) = s + 3. Let z(o) = o**2 + 6*o - 10. Suppose -5*u - 53 + 18 = 0. Let r be z(u). Give i(r).
0
Let y(t) = -10*t - 2. Let u be y(-1). Let s(b) = -16*b**3 + 1 + 4*b**2 - u*b**2 + 4*b**2. Calculate s(1).
-15
Let p(d) = d**3 - 15*d**2 + 25*d + 8. Let h(l) = l**2 - 11*l - 13. Let w be h(-2). Determine p(w).
-5
Let t(p) = -p**3 - 6*p**2 + 2. Let j = -16 + 10. Give t(j).
2
Let i(t) = -t - 2. Let h be i(-5). Suppose -6 - 2 = -2*d. Let l(y) = -1 - y + 12*y**h - 4*y**3 - d*y**3. Determine l(-1).
-4
Let o = 5 + -3. Let t(v) = -v + 3 - o + 0. Let g = -141 + 141. Calculate t(g).
1
Let y(l) be the first derivative of -3*l**4/2 - l**3/3 - l**2/2 + l - 1. Suppose 4*w - 30*q + 29*q = 5, 4*w - 1 = -3*q. Give y(w).
-7
Suppose -4*c - 17 = -h, -2 = -5*c - 17. Let o(m) = 1 + m - h - 3*m. Calculate o(-5).
6
Let v(o) = 2 + 6 - 16 + 7*o - 3*o + 9. What is v(4)?
17
Let r(j) = -11*j - 4. Let v(h)